 of (-1)/i*-2 - -12?
1
Let c be 9/(-6)*20/(-6). Suppose 23 = -c*f + 148. Suppose -14 = -2*n - 0*y + 2*y, 5*n = -5*y + f. What is the units digit of n?
6
Let w be (1/((-1)/(-4)))/2. Let u be 6 - -3 - 1 - w. What is the tens digit of ((-4)/2)/(u/(-63))?
2
Let s be (-1)/(2 + 14/(-6)). Let j be (-91)/(-3) + (-1)/s. Suppose -2*w = 3*w - j. What is the units digit of w?
6
Let i(z) = z**3 - 17*z**2 + 33*z + 19. What is the tens digit of i(15)?
6
Suppose -m = -3*m + 2. What is the tens digit of 11 - (0 - -1)/m?
1
What is the hundreds digit of 42*(8 - 6/2)?
2
Let a(g) = g - 12. Let y be a(8). Let l be ((-9)/y)/((-9)/24). What is the units digit of 5/(15/(-6)) - l?
4
Let j be -3 + 6/(-4 - -2). Suppose 5*w - 10 = 4*f, 7 = -3*w + 3*f + 2*f. What is the units digit of j*1*(-4)/w?
4
What is the units digit of (6 + -20)*(-2)/4?
7
Let h(o) = -o**2 + 2*o + 2. What is the units digit of h(0)?
2
Suppose -4*w = v - 93, -12*w + 510 = 5*v - 7*w. What is the hundreds digit of v?
1
Let o(b) be the second derivative of b**4/12 + b**3/6 + 17*b**2/2 - 10*b. Let i = 0 - 0. What is the tens digit of o(i)?
1
Suppose -204 = -5*g + 31. What is the units digit of g?
7
Let q(l) = 16*l + 16. What is the tens digit of q(5)?
9
Suppose r + 2*r = 9. Let d be 0/(r - 0/1). What is the units digit of 8 - d - 2 - 1?
5
Suppose -w = 3*l - 24, 26 - 1 = 5*l. Let s be 399/w - 1/3. Suppose -q + 15 = 2*m, 5*m - 2*q = 2*q + s. What is the units digit of m?
8
Let x(m) = m - 4. Let t be x(-3). Let k be t + 2/(-6)*-3. What is the units digit of (k/6)/(1/(-13))?
3
What is the tens digit of ((-3)/(-6))/(3/108)?
1
Let p(d) = d**3 - 5*d**2 - 9*d - 1. Let m = 23 - 16. What is the units digit of p(m)?
4
Suppose -3*u - x - 10 = 0, 4*u - x + 2 = u. What is the units digit of 54/(u + 4)*1?
7
What is the units digit of ((-9)/2)/(35/40 - 1)?
6
What is the units digit of 624/10 - 10/25?
2
Suppose 0 = -r - 5*m + 55, -3*m = -m - 10. What is the tens digit of r?
3
Let n(h) = -h**3 - 11*h**2 + h + 5. Let d be n(-11). Let c(r) = r**3 + 4*r**2 + 4*r - 3. Let v be c(d). What is the units digit of (-810)/v + (-2)/11?
8
What is the units digit of (-298)/(-4)*(11 - 9)?
9
Suppose 60 = 4*r - 5*x, -r + 2*x + 7 + 11 = 0. Let f be r/15 + 14/6. Suppose -t - 16 = -f*t. What is the units digit of t?
8
Let q(p) = p**2 + 6*p - 8. Let n be q(-6). Let c = -5 - n. Suppose -5 = c*z - 35. What is the units digit of z?
0
Suppose -u - 4*l = 2*u - 110, -4*u = -l - 134. What is the units digit of u?
4
Suppose 4*c = 3*c. Suppose c = -q + 21 - 3. What is the tens digit of q?
1
Suppose -4*y - 26 = -10. Let q(u) = u**3 + 5*u**2 - 4. What is the units digit of q(y)?
2
Let q = -163 - -236. What is the tens digit of q?
7
Let m = -87 + 211. What is the tens digit of m?
2
What is the tens digit of ((-70)/(-21) - -7)/(2/12)?
6
Let a(k) = -k - 12. Let q be a(-9). What is the units digit of q/(-2)*108/6?
7
Suppose 2*v = -3*q - 0*v + 162, -4*q - 3*v = -217. What is the units digit of q?
2
Suppose 4*i - 5*c + 10 + 2 = 0, -4*i + c = 12. Let j(w) = -w + 5. Let z be j(4). What is the units digit of (z/i)/((-2)/54)?
9
Let l(v) = 7*v - 14. What is the tens digit of l(6)?
2
Suppose -2*c - 2*f = -5*f - 37, -43 = -2*c - 3*f. What is the tens digit of c?
2
Let h be 15/4*(-96)/(-8). Suppose -5*b = -0*b - h. What is the units digit of b?
9
Let i = 4 + 0. Suppose 0 = 2*f + 2, -i*f - 11 - 1 = 4*t. What is the units digit of (-6 + 0)*(t - -1)?
6
Suppose l - 3*l = 4*d - 90, -l + 2*d + 33 = 0. What is the units digit of l?
9
Suppose 4*g = 54 + 282. What is the tens digit of g?
8
Suppose 2*w - 87 = -u, -w + 2*u + 56 = 5*u. What is the tens digit of w?
4
Suppose 5*q + 26 = 186. What is the units digit of q?
2
Suppose -j - j + 108 = 0. Let u = j - 31. What is the units digit of u?
3
Suppose 0 = 4*q - 2 - 22. What is the units digit of q?
6
Suppose 8 = 5*r - 17. What is the units digit of ((-16)/(-10))/(2/r)?
4
Let c = -10 - -13. Let r(k) = k**3 + 7*k**2 + 5*k - 3. Let f be r(-6). What is the units digit of 16 - c*3/f?
3
Let x be 1/4 + 375/20. Suppose -3*r = 4*o - x, 12 = 3*o - 0*o. What is the units digit of r?
1
Let r be (-208)/12 + 4/(-6). Let v = r - 18. Let o = v + 51. What is the tens digit of o?
1
Let v = 40 + -19. What is the units digit of v?
1
Suppose 5*x - 4*x - 66 = 0. What is the units digit of x?
6
Let j = 9 - 6. Let c be (12/(-9) + 2)*j. Suppose c*p = 3*f - 35, p + 12 = 2*f - 10. What is the units digit of f?
9
Let z(q) = q**2 + 3*q - 2. Let a be z(-4). Let r(n) = -a*n + 1 + 6*n - 4 - 1. What is the units digit of r(3)?
8
Suppose 2*n - t = 4*t + 13, 11 = -5*n - 2*t. Let c(d) = d - 3*d**3 - 2*d**3 - 5*d**3 + d**3. What is the units digit of c(n)?
8
Let i = 42 - 19. Suppose -22 = 5*u + i. What is the tens digit of (-180)/u + 2*-1?
1
Let u(n) = -n**2 - 9*n - 3. Let i be u(-7). Let j = i - 10. What is the units digit of j?
1
Suppose 3*p = -0*p. Suppose -j + 5 + 0 = p. What is the units digit of j?
5
Let f(q) = -19*q**2 + 2*q - 1. Let w be f(1). Suppose 4*r - 20 = 2*o, -2*o - 4*r = 2*o + 28. Let k = o - w. What is the units digit of k?
0
Suppose -4 = -x + 2. Let k = x - 1. Suppose 0 = 5*p - y - 12, 7*p = 2*p - k*y. What is the units digit of p?
2
Suppose -3*t = 3*s - 39, 3*s - 5*t - 88 = -s. What is the units digit of s?
7
Suppose -5*u + 765 = 2*j, -j = -5*u + 2*j + 740. Suppose 2*l - 35 = -p + 5*l, 5*p = 3*l + u. What is the tens digit of p?
2
Let r(q) = 1. Let w(z) = 2*z**2 + 5*z + 5. Let p(m) = -2*r(m) + w(m). What is the tens digit of p(-4)?
1
Suppose a + 395 = 5*k - 181, 2*k + 5*a = 225. What is the tens digit of k?
1
Suppose -4*x - 4*o + 4 + 44 = 0, 2*o = -4*x + 58. Let s = x + -9. What is the units digit of s?
8
Let g = -3 - -4. Let r = 2 + g. What is the units digit of r?
3
Let b(z) = z + 6. Let f be b(-7). Let p = 3 + f. Suppose -p*x = -4*x + 16. What is the units digit of x?
8
Suppose 0*j + j - 299 = 0. What is the hundreds digit of j?
2
Let r = 5 - 18. What is the units digit of (-392)/r - (-6)/(-39)?
0
Suppose -2*c - 5*z - 98 = -3*c, 4*c + 3*z = 461. What is the units digit of c?
3
Let z(h) = -3*h - 3. Let g be z(-3). Let a(w) = -w**3 - 17*w**2 - 18*w - 5. Let j be a(-16). Suppose -j + g = -i. What is the tens digit of i?
2
Let r(n) = -8*n - 2. What is the units digit of r(-2)?
4
Suppose 0 = w + 1 - 4. Let j(g) = -2 - g - w + 4. What is the units digit of j(-6)?
5
Let y = 839 + -544. What is the units digit of y?
5
Let j = 160 + -98. What is the tens digit of j?
6
Let u(o) = -2*o**2 - o - 1. Let m be u(-2). Let i(b) = 15*b**2 - b. Let w be i(1). Let q = m + w. What is the units digit of q?
7
Suppose -11*c + 222 = -900. What is the hundreds digit of c?
1
Suppose -n - 167 = -l, -494 + 3 = -3*l - 2*n. What is the units digit of l?
5
Let b = -4 - -89. What is the units digit of b?
5
What is the hundreds digit of (-3)/(-9)*591*1 + -3?
1
Suppose -5*v - u = -2*u + 14, 5*v + u + 6 = 0. What is the units digit of v/(-2 + 4)*-2?
2
Let g = 75 + -9. What is the tens digit of g?
6
Suppose 4*m = -2*s - s - 23, -m - 7 = s. Let v = 0 + m. What is the units digit of 0 - v - (2 - 3)?
3
What is the units digit of (4 - 84/15)*-5?
8
Let m(y) = y + 7. Let q(p) = p**2 + 7*p + 3. Let h be q(-5). Let o be m(h). Suppose o*t - t + 2 = 0. What is the units digit of t?
2
What is the tens digit of -1 + 3 + 353 + -6?
4
Let k(t) = -t**3 - 3*t**2 - t - 4. Let i be k(-4). Suppose 3*z + 2*h = 4, -3*z - 3 = h - 11. Let s = z + i. What is the units digit of s?
0
Suppose 7*u - 700 = 434. What is the tens digit of u?
6
What is the tens digit of 8/(-4)*150/(-4)?
7
Suppose 156 = 3*v + 27. Suppose 2*p = -4*g - 0*g - 110, -2*p + 106 = -4*g. Let j = v + g. What is the tens digit of j?
1
Let i = 6 + 12. What is the units digit of i?
8
Suppose -3*p = -7 + 1. Suppose 0*v - 3*v + p*m = -47, 0 = 4*m + 4. Let x = -6 + v. What is the units digit of x?
9
Suppose 0 = 4*u - 2*w - 30, -4*u + 22 + 11 = -w. Let k be 66/u - 4/(-6). What is the units digit of k/4 - (-2 + 0)?
4
Let d = 11 - 6. Let w(j) = -j + 6. What is the units digit of w(d)?
1
Suppose 0 = -0*p + 2*p. Suppose -4*g - j = -4*j - 12, 3*j + 12 = p. Let m(c) = c**3 - c**2 + 5. What is the units digit of m(g)?
5
Suppose -30 = -4*g - 2*n, g + 2*n + 2*n = -10. Let y = g + -8. Suppose -5*v + 20 = -3*v + 2*h, 5*v - y*h - 50 = 0. What is the un